, what is -5 + -182?
-187
In base 7, what is -3 - -230?
224
In base 7, what is 1 - 25?
-24
In base 6, what is -135 + -5?
-144
In base 16, what is 16 + -33?
-1d
In base 15, what is 6eb + -5?
6e6
In base 16, what is 7 + b?
12
In base 14, what is -481 + 3?
-47c
In base 12, what is 2b58 + 5?
2b61
In base 5, what is 423 - -3?
431
In base 9, what is -808 + -4?
-813
In base 14, what is 137 + 0?
137
In base 4, what is 111121 + 13?
111200
In base 5, what is -10 - 313?
-323
In base 3, what is 1 + 122121?
122122
In base 9, what is 0 - -30?
30
In base 14, what is -1 + -128?
-129
In base 15, what is -4 + 428?
424
In base 7, what is 3101 + -6?
3062
In base 14, what is -1 + 644?
643
In base 9, what is -4 + 44?
40
In base 8, what is 37 + -225?
-166
In base 16, what is -15 - -4?
-11
In base 14, what is 37 + -9?
2c
In base 4, what is 0 + -221?
-221
In base 16, what is 16b2 - -2?
16b4
In base 3, what is 1201211 + -10?
1201201
In base 5, what is -20 - -4123?
4103
In base 10, what is 5 - 1408?
-1403
In base 5, what is 2133 + -11?
2122
In base 15, what is 26 + c2?
e8
In base 2, what is 11 + -10100?
-10001
In base 14, what is -63 + -5?
-68
In base 9, what is 0 - 1247?
-1247
In base 14, what is 115 + -4?
111
In base 11, what is -148 + 18?
-130
In base 16, what is 0 - 31?
-31
In base 4, what is -111 + -2130?
-2301
In base 11, what is -352 - -3?
-34a
In base 16, what is 5 - 18a4?
-189f
In base 8, what is 200 - 11?
167
In base 14, what is 14 - 42b?
-417
In base 14, what is 2 + -30?
-2c
In base 10, what is 6654 - 2?
6652
In base 6, what is -5 + 5011?
5002
In base 4, what is 2222 + -2?
2220
In base 15, what is -57 + -5?
-5c
In base 15, what is -23 - -3?
-20
In base 13, what is 4 + 628?
62c
In base 2, what is 1101100000 - 100?
1101011100
In base 14, what is -7a9 - 8?
-7b3
In base 16, what is -5 - -37c?
377
In base 9, what is 777 - -8?
786
In base 4, what is -2 - 2?
-10
In base 9, what is 1 + -174?
-173
In base 9, what is -104 + 2?
-102
In base 8, what is -2012 + 0?
-2012
In base 13, what is -5 - 26?
-2b
In base 9, what is -332 - 1?
-333
In base 3, what is -2 - 220000?
-220002
In base 11, what is 35 + -5?
30
In base 16, what is 2 + 11?
13
In base 13, what is 0 + 265?
265
In base 3, what is 10 + -1102?
-1022
In base 11, what is -11 - 50?
-61
In base 2, what is -10101 - -111001?
100100
In base 16, what is 591 + -2?
58f
In base 4, what is -13 - 1002?
-1021
In base 3, what is -20 + -22?
-112
In base 4, what is -200 + -1130?
-1330
In base 2, what is -100 - 1110001?
-1110101
In base 3, what is 1 - 12?
-11
In base 5, what is 0 + 14331?
14331
In base 12, what is -2 - 516?
-518
In base 16, what is -5dc + -1?
-5dd
In base 15, what is 1 - 4d?
-4c
In base 8, what is -1502 + -4?
-1506
In base 8, what is -3 + -412?
-415
In base 5, what is -2 - 22431?
-22433
In base 6, what is 0 + -1445?
-1445
In base 16, what is 296 + -4?
292
In base 12, what is 89 + -1?
88
In base 11, what is -5 + -8a9?
-903
In base 4, what is 1120 + -22?
1032
In base 12, what is -282 - -3?
-27b
In base 3, what is -12 + 1101?
1012
In base 6, what is 422 + 13?
435
In base 9, what is 4 + -7203?
-7188
In base 13, what is 9a - -4?
a1
In base 3, what is -11211 + 0?
-11211
In base 10, what is 1041 - -4?
1045
In base 10, what is -239 + 6?
-233
In base 10, what is 2 + 17?
19
In base 13, what is 5 - 2610?
-2608
In base 6, what is 1 + 10510?
10511
In base 5, what is 33 - -1332?
1420
In base 9, what is -51 + 174?
123
In base 9, what is 1 - -62?
63
In base 7, what is 40 + 41?
111
In base 7, what is -4 - 3430?
-3434
In base 6, what is 11 + -43?
-32
In base 16, what is 60 + 4?
64
In base 8, what is -14 - 0?
-14
In base 13, what is 7 + -33?
-29
In base 6, what is -55234 + -5?
-55243
In base 16, what is -1 - a?
-b
In base 16, what is 104 - 2?
102
In base 12, what is -6867 + 5?
-6862
In base 15, what is 2ec6 + -5?
2ec1
In base 13, what is 4c - -9?
58
In base 6, what is -25523 - -2?
-25521
In base 4, what is 12 + 1131?
1203
In base 13, what is 175 + -33?
142
In base 8, what is 245 - 4?
241
In base 8, what is -5122 - -1?
-5121
In base 4, what is -11 - 2032?
-2103
In base 8, what is -33 + 600?
545
In base 15, what is 0 + 11c?
11c
In base 9, what is 3050 - 5?
3044
In base 15, what is -5019 + -4?
-501d
In base 8, what is -74 + 4?
-70
In base 10, what is 1 + -194?
-193
In base 12, what is 3 - 11ba?
-11b7
In base 14, what is 1dc + 5?
203
In base 7, what is 0 + 520?
520
In base 4, what is 111 - -113?
230
In base 15, what is e3 - 12?
d1
In base 14, what is -39 + -5?
-40
In base 12, what is 886 - 5?
881
In base 15, what is -3e5 + -5?
-3ea
In base 2, what is -111 - -10001?
1010
In base 13, what is 2 - 3a?
-38
In base 8, what is 1665 + -3?
1662
In base 10, what is 180 + -106?
74
In base 7, what is -4 + -114?
-121
In base 16, what is -17 + -1f?
-36
In base 8, what is -4405 + 1?
-4404
In base 2, what is 101 - 1011010011?
-1011001110
In base 2, what is 111100100 - 0?
111100100
In base 14, what is 1 - -37a?
37b
In base 6, what is 44 - -34?
122
In base 7, what is 141 + 214?
355
In base 6, what is -5 - 20131?
-20140
In base 6, what is 0 - 431?
-431
In base 11, what is -7 + 30?
24
In base 8, what is -2603 - 5?
-2610
In base 14, what is -b - -3a?
2d
In base 9, what is -3524 - -5?
-3518
In base 5, what is -413132 + 10?
-413122
In base 7, what is -1 - -32?
31
In base 11, what is -4 - -32?
29
In base 7, what is 101 - -1?
102
In base 13, what is -85b3 - 4?
-85b7
In base 7, what is 42 + 5?
50
In base 7, what is 10 + 24?
34
In base 11, what is 2934 - 5?
292a
In base 15, what is 9e5 + 3?
9e8
In base 5, what is 113323 - 0?
113323
In base 13, what is -9 + 45?
39
In base 14, what is 4 - 666?
-662
In base 15, what is -1044 - 2?
-1046
In base 13, what is -4 - a0?
-a4
In base 3, what is -110002102 + 1?
-110002101
In base 16, what is 20 + 2?
22
In base 13, what is 2076 - -a?
2083
In base 13, what is -16 - -a?
-9
In base 13, what is 45 - -27?
6c
In base 11, what is 258 + -2?
256
In base 15, what is 15d4 - 0?
15d4
In base 8, what is -3 + -25?
-30
In base 8, what is -6 + -65?
-73
In base 3, what is 10212112 + -100?
10212012
In base 15, what is 72a + 1?
72b
In base 15, what is 21e + -e?
210
In base 16, what is 1c0 - 1?
1bf
In base 13, what is -36 - -a9?
73
In base 11, what is 27 - -5?
31
In base 7, what is -1 + -354?
-355
In base 9, what is -1 + -106?
-107
In base 3, what is -11 + 100011122?
100011111
In base 9, what is 4 + -763?
-758
In base 9, what is -17 + 1?
-16
In base 3, what is 12 - -10012002?
10012021
In base 2, what is -1 - 11?
-100
In base 14, what is -1 - 233?
-234
In base 9, what is -2164 + 16?
-2147
In base 12, what is 41a - 0?
41a
In base 14, what is 4 + 415?
419
In base 2, what is 1011000 - 100?
1010100
In base 16, what is -2 - 6f0?
-6f2
In base 7, what is 24 + -2?
22
In base 16, what is 147 + -1?
146
In base 5, what is 4 + -1243?
-1234
In base 2, what is 100000101110111 + 1?
100000101111000
In base 12, what is -2 - 8?
-a
In base 12, what is 1613 - 3?
1610
In base 4, what is -2 + 1210123?
1210121
In base 15, what is -2 + e?
c
In base 12, what is 3 + -271?
-26a
In base 13, what is -4b6 + 5?
-4b1
In base 15, what is -48 - 3?
-4b
In base 16, what is -84e + -6?
-854
In base 4, what is 1 - -20200?
20201
In base 5, what is 31342 + -2?
31340
In base 12, what is 97a + 5?
983
In base 3, what is 11221202 + 2?
11221211
In base 6, what is -102 + -21?
-123
In base 16, what is 1 + -228b?
-228a
In base 14, what is b - -115?
122
In base 15, what is b + 30e?
31a
In base 14, what is -c1 - -19?
-a6
In base 15, what is 117 + 15?
12c
In base 14, what is 32 + 7?
39
In base 6, what is 3 - -5345?
5352
In base 16, what is -575 - 3?
-578
In base 3, what is -2 - -111112?
111110
In base 5, what is 2432 + 3?
2440
In base 10, what is 94 - -10?
104
In base 14, what is 2 - -12c?
130
In base 13, what is -b - -18?
a
In base 15, what is 65 + 10?
75
In base 9, what is 4 + -3435?
-3431
In base 11, what is -4a81 + 3?
-4a79
In base 7, what is 1 - 405?
-404
In base 8, what is 1116 - 3?
1113
In base 8, what is 1037 - -10?
1047
In base 14, what is -13 - 3b?
-50
In base 16, what is -195 - 3?
-198
In base 6, what is 1 - 1314?
-1313
In base 9, what is -4 - 413?
-417
In base 7, what is -14 - 56?
-103
In base 2, what is -101 - -10011?
1110
In base 5, what is -12 - -1?
-11
In base 6, what is -2 - -34?